e greatest common divisor of 10 and 12890?
10
What is the greatest common factor of 101106 and 1599?
123
What is the greatest common divisor of 18866 and 2?
2
What is the highest common divisor of 172539 and 855?
171
Calculate the greatest common divisor of 2282 and 3836.
14
Calculate the highest common divisor of 124 and 744434.
62
What is the greatest common divisor of 7950 and 127518?
318
Calculate the greatest common divisor of 229531 and 3.
1
Calculate the greatest common divisor of 70556 and 217.
31
Calculate the highest common factor of 219860 and 40.
20
What is the highest common factor of 168338 and 73?
73
What is the greatest common divisor of 2600 and 59200?
200
Calculate the greatest common divisor of 1207 and 30.
1
Calculate the highest common divisor of 50500 and 5125.
125
Calculate the highest common divisor of 8 and 106616.
8
What is the highest common divisor of 2512 and 16799?
157
Calculate the greatest common factor of 8381 and 8092.
289
Calculate the greatest common divisor of 1150 and 3220.
230
What is the highest common factor of 6230 and 5670?
70
Calculate the highest common divisor of 74096 and 660.
44
Calculate the highest common divisor of 12046 and 1254.
38
Calculate the greatest common factor of 977655 and 84.
21
Calculate the highest common factor of 6885 and 18836.
17
Calculate the greatest common factor of 50 and 427675.
25
What is the highest common divisor of 25 and 331845?
5
What is the greatest common divisor of 65471 and 5593?
329
Calculate the greatest common factor of 96 and 9228.
12
What is the greatest common divisor of 73 and 264?
1
Calculate the greatest common divisor of 231 and 18571.
7
What is the highest common factor of 509682 and 6?
6
What is the greatest common factor of 3598270 and 3471?
1157
What is the greatest common divisor of 3 and 1359651?
3
What is the highest common divisor of 43 and 70606?
43
Calculate the highest common factor of 24 and 14316.
12
Calculate the highest common factor of 3580 and 5000.
20
What is the greatest common divisor of 2692 and 12?
4
Calculate the highest common divisor of 3151 and 115.
23
What is the highest common divisor of 405 and 156411?
81
Calculate the highest common divisor of 360 and 760500.
180
What is the greatest common divisor of 2286 and 3511042?
254
What is the greatest common divisor of 8 and 838868?
4
Calculate the greatest common divisor of 378 and 41832.
126
Calculate the greatest common factor of 5875 and 39104.
47
What is the greatest common factor of 24 and 17844?
12
What is the highest common factor of 11814 and 594?
66
Calculate the highest common divisor of 3560 and 10.
10
Calculate the highest common divisor of 1520 and 3002.
38
What is the highest common factor of 420 and 10332?
84
What is the highest common factor of 36810 and 174?
6
What is the greatest common factor of 330 and 12?
6
Calculate the highest common divisor of 43316 and 36309.
637
Calculate the highest common factor of 345 and 335.
5
Calculate the greatest common factor of 158792 and 184.
184
Calculate the greatest common divisor of 266820 and 6.
6
What is the greatest common factor of 2216 and 848?
8
What is the greatest common factor of 154 and 884378?
22
What is the greatest common factor of 996 and 192?
12
Calculate the highest common divisor of 85 and 134317.
17
What is the greatest common factor of 492679 and 55?
11
Calculate the greatest common factor of 5324 and 28556.
484
What is the greatest common divisor of 495 and 105633?
99
What is the highest common factor of 518 and 19334?
14
What is the highest common factor of 1880 and 6862?
94
What is the highest common factor of 83087 and 361?
19
Calculate the greatest common factor of 34345 and 5.
5
What is the greatest common factor of 216 and 679464?
72
Calculate the greatest common factor of 1092 and 787488.
156
What is the greatest common factor of 30 and 72090?
30
Calculate the greatest common divisor of 287865 and 75.
15
What is the greatest common divisor of 1104 and 3496?
184
What is the greatest common factor of 1311020 and 20?
20
What is the greatest common factor of 11234 and 1394?
82
Calculate the greatest common factor of 39823 and 7.
7
Calculate the greatest common factor of 6032 and 6409.
377
What is the highest common divisor of 1903 and 4844?
173
Calculate the greatest common divisor of 18 and 139257.
9
What is the highest common factor of 2471508 and 156?
156
Calculate the greatest common factor of 3702608 and 16.
16
Calculate the highest common divisor of 8 and 2484.
4
What is the greatest common factor of 22 and 704275?
11
What is the greatest common factor of 49935 and 855?
15
Calculate the highest common factor of 2890 and 135.
5
What is the greatest common factor of 8 and 1874?
2
Calculate the greatest common divisor of 5280 and 28320.
480
Calculate the greatest common divisor of 483800 and 80360.
1640
What is the highest common divisor of 385632 and 18?
18
Calculate the greatest common divisor of 6547 and 1.
1
What is the greatest common divisor of 5184 and 66663?
81
What is the greatest common divisor of 182252 and 23?
23
Calculate the highest common divisor of 1589 and 190907.
227
Calculate the highest common divisor of 12000 and 12704.
32
What is the highest common divisor of 5489 and 2761?
11
What is the greatest common divisor of 141809 and 3488?
109
What is the greatest common factor of 123 and 6437?
41
What is the highest common factor of 1079506 and 4122?
458
What is the highest common factor of 296 and 425574?
74
Calculate the highest common factor of 31423 and 14.
7
What is the highest common factor of 303 and 6?
3
Calculate the highest common divisor of 8582 and 798.
14
What is the highest common divisor of 140 and 52094?
14
Calculate the highest common factor of 334 and 5200046.
334
Calculate the highest common divisor of 1380 and 5912380.
460
Calculate the greatest common factor of 108 and 41544.
36
What is the highest common divisor of 8 and 112264?
8
Calculate the highest common factor of 9444 and 108.
12
What is the greatest common divisor of 6931 and 31813?
29
Calculate the highest common divisor of 12 and 1055526.
6
Calculate the greatest common divisor of 773635 and 5.
5
Calculate the greatest common factor of 4450 and 152635.
445
What is the greatest common factor of 100 and 62200?
100
Calculate the greatest common factor of 128107 and 21.
7
What is the highest common divisor of 3024 and 11952?
144
What is the greatest common factor of 1632720 and 144?
48
Calculate the greatest common divisor of 15984 and 6984.
72
Calculate the greatest common divisor of 60 and 139005.
15
Calculate the highest common factor of 90 and 2242962.
18
Calculate the highest common factor of 54090 and 1440.
90
Calculate the highest common divisor of 3263304 and 1034.
1034
What is the highest common divisor of 189 and 85563?
27
Calculate the highest common factor of 12 and 2323644.
12
Calculate the highest common factor of 63 and 664533.
9
Calculate the greatest common divisor of 270687 and 69.
69
Calculate the greatest common factor of 1672 and 42256.
152
Calculate the greatest common divisor of 746 and 10026986.
746
Calculate the greatest common divisor of 125349 and 49.
7
Calculate the highest common factor of 111727 and 5467.
77
What is the greatest common factor of 185 and 685?
5
Calculate the greatest common divisor of 75861 and 9.
9
Calculate the greatest common divisor of 8128 and 122809.
127
What is the highest common divisor of 2 and 12234?
2
What is the highest common divisor of 4 and 5188?
4
What is the greatest common divisor of 3435 and 2205?
15
Calculate the greatest common divisor of 5 and 22625.
5
What is the greatest common factor of 183640 and 2120?
40
Calculate the highest common factor of 543 and 726353.
181
What is the greatest common factor of 56969 and 9?
1
Calculate the highest common divisor of 1917 and 282651.
213
What is the highest common factor of 18 and 399339?
9
What is the highest common divisor of 212 and 800300?
212
What is the highest common factor of 11 and 1562671?
11
What is the highest common factor of 4048 and 264638?
506
What is the greatest common divisor of 48 and 106752?
48
What is the highest common factor of 274253 and 49?
49
Calculate the greatest 